e highest common divisor of 58115 and 59?
59
Calculate the highest common divisor of 351 and 39.
39
Calculate the highest common factor of 459 and 85.
17
Calculate the greatest common divisor of 666 and 1296.
18
Calculate the greatest common divisor of 11123 and 14.
7
Calculate the greatest common factor of 606 and 138.
6
What is the greatest common divisor of 32 and 38176?
32
Calculate the greatest common factor of 4069 and 13.
13
Calculate the highest common factor of 162 and 270.
54
What is the greatest common factor of 59 and 1711?
59
What is the greatest common divisor of 72 and 496?
8
Calculate the highest common factor of 119 and 153.
17
What is the highest common divisor of 18018 and 117?
117
Calculate the highest common divisor of 1368 and 532.
76
What is the greatest common divisor of 72 and 4248?
72
Calculate the greatest common divisor of 895 and 4833.
179
What is the greatest common divisor of 5054 and 56?
14
What is the highest common factor of 40 and 390?
10
What is the greatest common factor of 46 and 161?
23
What is the highest common divisor of 46 and 10?
2
Calculate the greatest common factor of 39 and 117.
39
Calculate the highest common factor of 2 and 197.
1
Calculate the highest common factor of 100 and 1780.
20
Calculate the greatest common divisor of 3 and 1.
1
Calculate the highest common factor of 2685 and 45.
15
Calculate the highest common factor of 140 and 4660.
20
Calculate the greatest common divisor of 20 and 4.
4
What is the greatest common divisor of 190 and 855?
95
Calculate the greatest common divisor of 12 and 132.
12
Calculate the highest common factor of 270 and 3640.
10
What is the greatest common factor of 26 and 65?
13
Calculate the highest common divisor of 603 and 134.
67
What is the highest common factor of 92 and 20?
4
Calculate the greatest common factor of 30 and 375.
15
Calculate the highest common factor of 128 and 416.
32
Calculate the greatest common factor of 36 and 228.
12
What is the greatest common divisor of 1197 and 38?
19
What is the highest common factor of 1441 and 209?
11
Calculate the greatest common divisor of 129 and 5504.
43
What is the greatest common divisor of 55 and 3355?
55
What is the greatest common divisor of 477 and 927?
9
What is the highest common factor of 5 and 3695?
5
Calculate the highest common factor of 210 and 504.
42
Calculate the greatest common factor of 32 and 1248.
32
Calculate the highest common factor of 28 and 77.
7
Calculate the highest common divisor of 4 and 3670.
2
What is the greatest common factor of 30 and 1000?
10
What is the greatest common factor of 208 and 56?
8
Calculate the highest common factor of 3410 and 220.
110
What is the greatest common divisor of 135 and 54?
27
What is the greatest common divisor of 50 and 20?
10
Calculate the highest common factor of 16 and 356.
4
Calculate the greatest common factor of 825 and 775.
25
Calculate the highest common divisor of 5814 and 459.
153
Calculate the greatest common divisor of 336 and 6216.
168
Calculate the greatest common factor of 1386 and 189.
63
What is the highest common factor of 234 and 182?
26
Calculate the greatest common divisor of 69 and 345.
69
Calculate the greatest common factor of 4756 and 246.
82
What is the greatest common factor of 4982 and 1128?
94
Calculate the greatest common factor of 1950 and 26.
26
Calculate the highest common divisor of 58 and 377.
29
What is the highest common divisor of 16 and 15168?
16
Calculate the highest common divisor of 17204 and 136.
68
Calculate the greatest common factor of 986 and 29.
29
What is the highest common divisor of 165 and 30?
15
Calculate the highest common factor of 5913 and 365.
73
Calculate the greatest common factor of 148 and 851.
37
What is the greatest common divisor of 4182 and 102?
102
What is the highest common factor of 99 and 72?
9
Calculate the greatest common factor of 35 and 7084.
7
Calculate the highest common factor of 1080 and 645.
15
Calculate the greatest common divisor of 39 and 3.
3
Calculate the highest common divisor of 14363 and 271.
271
Calculate the greatest common divisor of 130 and 390.
130
What is the greatest common divisor of 1002 and 114?
6
What is the highest common factor of 288 and 64?
32
Calculate the greatest common divisor of 40 and 250.
10
Calculate the greatest common divisor of 105 and 35.
35
Calculate the greatest common divisor of 126 and 54.
18
Calculate the highest common factor of 11 and 209.
11
Calculate the greatest common divisor of 3653 and 1405.
281
What is the highest common factor of 91 and 793?
13
Calculate the highest common factor of 147 and 3332.
49
Calculate the greatest common divisor of 4584 and 24.
24
Calculate the highest common divisor of 295 and 20.
5
Calculate the greatest common divisor of 114 and 42.
6
Calculate the greatest common divisor of 848 and 1166.
106
Calculate the greatest common factor of 45 and 405.
45
What is the highest common factor of 6 and 726?
6
Calculate the greatest common divisor of 9804 and 9.
3
Calculate the greatest common divisor of 36 and 48.
12
Calculate the greatest common factor of 47906 and 34.
34
Calculate the greatest common factor of 252 and 616.
28
Calculate the highest common divisor of 65 and 2249.
13
Calculate the greatest common divisor of 115 and 37421.
23
Calculate the highest common divisor of 177 and 6.
3
What is the greatest common factor of 648 and 48?
24
What is the greatest common factor of 60 and 2820?
60
Calculate the greatest common divisor of 78 and 12.
6
What is the highest common factor of 38 and 475?
19
Calculate the highest common divisor of 432 and 540.
108
Calculate the highest common divisor of 26 and 286.
26
What is the highest common factor of 3520 and 64?
64
What is the greatest common factor of 200 and 19120?
40
Calculate the greatest common divisor of 3 and 48.
3
What is the greatest common divisor of 55 and 3685?
55
Calculate the greatest common factor of 697 and 4223.
41
What is the greatest common divisor of 185 and 259?
37
Calculate the highest common factor of 847 and 539.
77
What is the highest common factor of 624 and 36?
12
Calculate the highest common factor of 30 and 669.
3
What is the greatest common factor of 1161 and 129?
129
What is the greatest common factor of 75 and 60?
15
What is the greatest common divisor of 8897 and 434?
217
Calculate the highest common divisor of 475 and 50.
25
What is the highest common factor of 2331 and 252?
63
Calculate the highest common divisor of 456 and 24.
24
Calculate the highest common divisor of 500 and 52.
4
What is the greatest common factor of 13630 and 20?
10
Calculate the highest common divisor of 9 and 540.
9
What is the greatest common divisor of 123 and 205?
41
Calculate the highest common divisor of 10 and 5.
5
What is the highest common divisor of 57 and 4465?
19
What is the greatest common divisor of 507 and 741?
39
What is the greatest common divisor of 648 and 1476?
36
What is the highest common divisor of 4142 and 19?
19
Calculate the greatest common divisor of 15972 and 12.
12
What is the highest common factor of 525 and 3570?
105
What is the highest common factor of 76 and 190?
38
Calculate the greatest common divisor of 54 and 18.
18
What is the highest common divisor of 216 and 1592?
8
Calculate the highest common factor of 2256 and 816.
48
What is the greatest common divisor of 75 and 30?
15
Calculate the greatest common divisor of 215 and 473.
43
Calculate the highest common divisor of 484 and 44.
44
Calculate the greatest common factor of 30 and 78.
6
Calculate the highest common factor of 2040 and 720.
120
Calculate the highest common factor of 24 and 4.
4
Calculate the greatest common factor of 372 and 24.
12
Calculate the greatest common divisor of 22 and 2959.
11
Calculate the highest common divisor of 27 and 9369.
27
What is the greatest common factor of 1066 and 164?
82
Calculate the highest common factor of 19 and 4237.
19
What is the highest common divisor of 1651 and 13?
13
What is the greatest common divisor of 44 and 14751?
11
What is the highest common divisor of 30 and 480?
30
Calculate the greatest common factor of 5320 and 28.
28
Calculate the greatest common divisor of 30 and 320.
10
Calculate the greatest c